 3*s. List the prime factors of v.
3, 5
Let h(g) = g**3 - 7*g**2 - g + 5. Let s be h(7). Let a = -16 + s. List the prime factors of (-6)/(-27) - 68/a.
2
Let x(j) = -j**2 + 5*j - 1. Let b be x(4). Suppose 0*t + b*t = 0. Suppose t = -6*m + 2*m + 44. What are the prime factors of m?
11
Let r(j) be the first derivative of -2*j**2 - 10*j - 5. What are the prime factors of r(-13)?
2, 3, 7
Suppose 3*y - 103 = 4*w, -3*y - 5*w + 67 = -0*y. Suppose 0*k + y = -4*k + 5*j, -2*k - 5*j = -23. List the prime factors of 5 - 1 - (k - -1).
2
Let j(u) = u**3 - 6*u**2 + u - 2. Let g be j(6). Suppose 2*x - 461 = -g*f + f, 1162 = 5*x - 2*f. List the prime factors of x/16 - (-3)/2.
2
Let w = 6 + -3. Suppose -u - a + 6 = -0*a, -w*a = u - 12. What are the prime factors of u?
3
Let w be (0/(-2) - -2)*1. What are the prime factors of (-4 - -19) + (1 - w)?
2, 7
Suppose 0*r + 4*r = 12. Let c be (-8)/(-14)*(-21)/(-6). Suppose c*h + r*h = 10. What are the prime factors of h?
2
Let w be -5*-3*3/15. Suppose 0 = -c - o + 8, w*o - o + 8 = 0. Let y = 26 - c. What are the prime factors of y?
2, 7
Let k(j) = j + 6. Let s be k(-6). Suppose s = -4*u + u - q - 5, -5*u - 5*q = 25. Suppose v + v - 22 = u. List the prime factors of v.
11
Suppose -5*m = o - 908, 4*o - 9 = o. List the prime factors of m.
181
Suppose l = 43 - 0. What are the prime factors of l?
43
Let a = 62 + -30. What are the prime factors of a?
2
Suppose j = 2*j + 10. Let i = j + 19. What are the prime factors of i?
3
Let u(j) = 2*j + 21. Let w be u(-9). Let a = w - -10. What are the prime factors of a?
13
List the prime factors of ((-288)/10)/(27/(-90)).
2, 3
Let s(y) = 5*y - 3. Let l(q) = q**3 + 7*q**2 + 5*q - 4. Let f(b) = b**2 + 9*b + 8. Let r be f(-7). Let m be l(r). What are the prime factors of s(m)?
7
Let v(r) = -4*r**2 + 2*r - 5. Let b(c) = c**2 + c. Let p(s) = -5*b(s) - v(s). List the prime factors of p(-7).
5
Suppose -4*q = -3*w - 0*w - 11, -3*w - 1 = q. What are the prime factors of q?
2
Suppose -2*p = p + 5*q - 12, p = q + 4. Suppose 5*h - 4 - 117 = p*g, 5*g = -h + 30. What are the prime factors of h?
5
Let y(w) be the second derivative of -w**5/20 - 2*w**4/3 - 11*w**3/6 - 3*w**2 + 2*w. Let k be y(-7). Let d = -11 + k. What are the prime factors of d?
11
Suppose 0 = 4*g - 17 - 3. Suppose 0 = -g*i + 20. Let c = 14 - i. What are the prime factors of c?
2, 5
Let b(t) = t**3 + 2*t**2 - 5*t - 3. Let c be b(-3). Suppose -8*i + 5 = -c*i - 5*u, 5*i = -3*u - 11. What are the prime factors of (5 - 6)*8/i?
2
Let x(d) = -3*d + 1. Let s be x(-1). List the prime factors of 3/(s + -1)*5.
5
Suppose -6*i = -2*i - 4. Let t(v) = 18*v**2. List the prime factors of t(i).
2, 3
Let h(d) = -d**2 - 2*d**3 - 4*d + 3*d**3 - d**2 + 1. Let a be h(3). What are the prime factors of (-2)/(-4)*(14 + a)?
2, 3
Suppose -2*x + 0 + 4 = 0. Suppose -15 = -7*h + x*h. Let c(f) = f**3 - 2*f**2 - f - 2. List the prime factors of c(h).
2
Let m(d) = -d - 3. Let s be m(3). Let x(p) = -3*p - 2. List the prime factors of x(s).
2
Let h(r) = -r + 7. Let v be h(-6). Let a = 18 - v. Suppose a + 8 = m. List the prime factors of m.
13
Let u be 3/(-2)*(-30)/9. Let z(j) = 10*j - 3. Let v be z(4). Suppose 3*g - n = v, g = -2*n + u*n + 15. What are the prime factors of g?
2, 3
What are the prime factors of (-3)/15 - (-1262)/10?
2, 3, 7
Let p(s) = 10 - 8 - 3*s + 2 - 6*s. What are the prime factors of p(-5)?
7
Let t be -1*3*-1 + 0. Let w(b) = -2*b + 32. Let v be w(0). Suppose t*a - v = -a. List the prime factors of a.
2
Let d = 19 + -43. Let w be (-8)/6*d/(-16). What are the prime factors of 1/(0 - 1/w)?
2
Let v be ((-1)/2)/((-2)/356). Let r = 139 - v. What are the prime factors of r?
2, 5
Let d = 186 + 26. What are the prime factors of d?
2, 53
Let q be -12 + 12 - (0 - 0). Suppose 3*i = 2*f + 18, -5*i = -i - 2*f - 22. Suppose -i*u + u + 36 = q. What are the prime factors of u?
2, 3
Let m(w) = w**2 - 8*w + 4. Let p be m(7). List the prime factors of (44/(-6))/(1/p).
2, 11
Let y = -48 + 29. Let z = 36 + y. List the prime factors of z.
17
What are the prime factors of (-3)/12 + 5025/20?
251
Let h = 297 - 188. What are the prime factors of h?
109
Let q(k) be the first derivative of k**2/2 + 9*k - 1. Let o be q(8). Let l = -11 + o. What are the prime factors of l?
2, 3
Let n = 7 + -23. Let v = -10 - n. List the prime factors of (-4)/6 - (-70)/v.
11
Let w(o) = 16*o**2 - 2*o - 6. What are the prime factors of w(-2)?
2, 31
Let b(d) = -d**3 + 6*d**2 - 5*d + 3. Suppose 16 = 3*k + 1. Let z be b(k). List the prime factors of z/5 - (-108)/20.
2, 3
Let x(k) = -k**3 + 10*k**2 + 4*k - 9. Let y be x(8). Suppose -3*a - t + y = 0, 7*a - 4*a = 5*t + 127. What are the prime factors of a?
7
What are the prime factors of (-1)/3*(-1 + -38)?
13
Let j be (2/4)/((-2)/(-24)). Suppose -j*a + 100 = -a. Suppose 0*h - a = -5*h. List the prime factors of h.
2
Let o(v) = 2*v - 3. Suppose 0*i - 12 = -3*i. List the prime factors of o(i).
5
Let s(b) = b**3 - 2*b**2 - b. Let u be 132/30 + 4/(-10). List the prime factors of s(u).
2, 7
Let t = -5 + 25. List the prime factors of t.
2, 5
Let z be 1 + 0 + (6 - 4). Suppose -38 = -4*d - 5*i, 4*d + d - z*i = 29. What are the prime factors of d?
7
Let l be (-8)/12*(-42)/4. Let d = 6 + l. List the prime factors of d.
13
Let w = 46 - -1. What are the prime factors of w?
47
Suppose 0 = -3*k + 4 - 22. Let n(b) = -b**3 - 5*b**2 + 7*b + 9. List the prime factors of n(k).
3
Suppose -2 = x - 2*x. Suppose -3*q = -2*z - 15, -3*q - 3*z + 28 + x = 0. List the prime factors of q.
7
Let c(d) = 5 + 0 - 3 - 2*d + 1. Suppose g = p - 5*p - 19, 5 = g. List the prime factors of c(p).
3, 5
Suppose -3*z = 33 - 0. Let y = z - -16. Suppose 0*g + y*g - 55 = 0. What are the prime factors of g?
11
Suppose 0 = 2*n + n. Suppose 3*a + a - 44 = n. Let z = -8 + a. List the prime factors of z.
3
Suppose 0 = -5*s + 4*y + 1, 3*s - 2*y - 6 = -5*y. Let r be 4/(-2) - -2 - s. List the prime factors of (r/2)/(2/(-32)).
2
Let q be (-12)/(-2) - (1 + -3). Let w(n) = 8 - n**3 + 0*n**2 + 3*n**3 - n**3 - 9*n**2 + 8*n. List the prime factors of w(q).
2
Suppose 3*v = 7 - 1. List the prime factors of v.
2
Suppose -23*s + 18*s + 10 = 0. Suppose -s*p = 3*p - 10. What are the prime factors of p?
2
Let n = -6 - -8. Suppose -2*c = n*c. Let y(j) = j**2 - j + 20. List the prime factors of y(c).
2, 5
Suppose -i = 6 - 0. Let v be 18/(-8) + i/8. List the prime factors of (-27)/v + (1 - 0).
2, 5
Let k(o) = 5*o - 6. Let y be 6/(9/(-12)*-2). What are the prime factors of k(y)?
2, 7
Suppose -2*d + 236 = -4*p, p + 48 = 2*d - 173. List the prime factors of d.
2, 3
Suppose 158 = 5*c - 57. List the prime factors of c.
43
Let k(x) = 6*x**3 - x**2. Let i be k(1). List the prime factors of i*(2/(-5) - -2).
2
Suppose -4*i + 60 = -j, 52 = 4*i + 3*j - 2*j. Suppose -5*t = 4*c + 40, 0 = 2*t - 2*c + 5*c + 16. Let g = t + i. What are the prime factors of g?
2, 3
Let u(a) be the third derivative of 0*a + 0*a**3 - 17/24*a**4 - 4*a**2 + 0. What are the prime factors of u(-1)?
17
Let k(o) = -o - 2. Let a be k(-6). Suppose -a = -4*w, 3*p - w + 2 = w. What are the prime factors of 0 + (-2 - p) + 5?
3
Let h(y) = 7*y**2 - 4*y + 7. What are the prime factors of h(3)?
2, 29
Suppose 9*n = 6*n + 234. List the prime factors of n.
2, 3, 13
Suppose 5*z - 4*z = 37. List the prime factors of z.
37
Let s = 0 - 12. Let w = -4 - s. List the prime factors of w.
2
Let h be 0/1 + 10/1. Let q(b) = b**3 - 3*b + 10*b**2 + 6 + h*b - 18*b**2. What are the prime factors of q(7)?
2, 3
Let c = -24 + 26. Let g = 32 + c. What are the prime factors of g?
2, 17
What are the prime factors of 131/(-2)*(-24 + 22)?
131
Let g(t) = t**3 + 8*t**2 + 2*t - 5. Let n be g(-8). List the prime factors of (-7)/(n/102) - 0.
2, 17
Suppose -2*a - 15 - 71 = -3*s, 0 = -s + 3*a + 24. Suppose 0*q - q = -h - 9, 0 = 4*q + 2*h - s. List the prime factors of (68/q)/((-1)/(-2)).
17
Let a(q) = 2*q - 4. Let v be a(-4). Let h = 18 + v. What are the prime factors of h?
2, 3
Suppose b = -3*f + 255, 2*b - 45 + 470 = 5*f. List the prime factors of f.
5, 17
Let x(h) = -h**3 - 3*h**2 - h + 2. Let c be x(-2). Suppose c = 4*k - 37 - 67. List the prime factors of k.
2, 13
Suppose -3*k + 15 = 0, 3*k + 186 = -3*j + 609. What are the prime factors of j?
2, 17
Let i = 5 + -2. Suppose i*d - 25 = -2*d. Let z(m)